4*b + 3*b + 0 - 7. Suppose 5423 = 5*r + 1513. Let p = r - 787. Determine o(p).
-2
Let b(y) be the second derivative of -9*y**4/4 + 13*y**3/3 + 27*y**2/2 + 5*y. Let s(q) = 17*q**2 - 17*q - 18. Let x(v) = 5*b(v) + 8*s(v). Give x(7).
-2
Let q(i) = -i**2 - 9*i + 2. Suppose -5*d = 366 - 376. Suppose 0 = d*f + 9*f + 88. Give q(f).
10
Suppose -6*t + 5 = -19. Let k be t - (-6)/(-9)*-6. Let p(o) = 7 - 10*o + 87*o**2 - 78*o**2 - o**3 + 4. Determine p(k).
-5
Let l = 2306 - 2304. Let d(g) = 20*g**2 + 3*g - 3. Determine d(l).
83
Let s = -406 + 467. Let y be ((-1)/2)/(s/6 - 10). Let a(d) = -2*d - 1. What is a(y)?
5
Let h be 90/(-25) - 6/(-10). Let g(y) = -18*y + 1189. Let r(b) = 3*b - 193. Let q(v) = 6*g(v) + 37*r(v). Determine q(h).
-16
Let w(q) = -q**3 - 23*q**2 - 148*q - 2764. Let b be w(-22). Let p(l) = l - 3 - l - l. What is p(b)?
-11
Let o be (14/28*92)/(4/(-2)). Let b(h) = 2*h**3 + 46*h**2 + h + 21. Give b(o).
-2
Let w(p) = 8*p + 3*p**2 + 27*p - 2*p**2 + 39 - 22*p. Let x be w(-4). Let g(h) = -7*h + 2. Give g(x).
-19
Let z(a) be the first derivative of -a**2/2 + 8*a - 1432. Determine z(-10).
18
Let o(x) = -x + 15. Let d be o(13). Suppose 2 = -d*p - 16. Let u = p - -13. Let a(c) = c**3 - 3*c**2 - 3*c - 2. Determine a(u).
2
Let r(x) = -x**2 + 4*x - 5. Let p be (-16 - 1278/(-90))*-5. What is r(p)?
-50
Let r(a) = -10*a**2 - 132*a + 133. Let m be r(1). Let u(g) = -g**2 - 6*g + 7. Determine u(m).
-20
Let t = 65 + -66. Let c be -1*(0 - t)*(-3 + 1). Let u(j) = 565 - 565 - c*j. Determine u(3).
-6
Suppose l + 1 - 65 = -v, -4*l - 280 = -4*v. Let m = v + -18. Let z(g) = 4*g**2 + 0*g**2 + 45*g + g**3 - 5 - m*g. Determine z(-5).
-10
Let i(b) = -b**3 - 3*b**2 + 8*b + 3. Let u be i(-5). Let d(g) be the third derivative of g**5/60 - 13*g**4/24 + g**3/6 + 9*g**2 + 518*g - 7. Give d(u).
1
Let x(z) = z**3 + 9*z**2 + 9*z + 10. Let h be 1/1 + (-6 - 3). Let p be x(h). Let n(o) = -5*o**2 - 1 + 0*o**p + 4*o**2. Determine n(-3).
-10
Let c(r) = 5*r**2 + 4 + 44*r**3 - 45*r**3 - 4*r - 6*r**2 - 6*r**2 + 0*r**2. Calculate c(-6).
-8
Let l(h) = -8*h**2 + h. Let r = -4 - -7. Suppose -r*y = -5*z - 46, -y - z + 6 = 2*z. Let u be (-3)/9 - (-1 - 4/y). Calculate l(u).
-7
Let a(g) be the second derivative of 2 - 1/6*g**3 - 1/20*g**5 + 1/2*g**2 + 24*g + 0*g**4. What is a(0)?
1
Let n(p) = -8*p**2 + 36*p - 37. Let v be n(3). Let l(y) be the second derivative of -y**5/5 - y**4/12 + 2*y. What is l(v)?
3
Let y(t) = -4*t + 2. Suppose 27 + 53 = -8*p. Let u be ((-1 - -4) + -2)*70/p. Determine y(u).
30
Let z(l) = 93*l**2 + 54 - 32 + 7*l - 89*l**2 - 18 + l**3. What is z(-6)?
-110
Suppose 248*b - 263*b = -15. Let a(s) = 5*s**3 - s**2 + 3*s - 1. Calculate a(b).
6
Let n(x) be the third derivative of x**5/4 + 7*x**4/4 - 7*x**3/6 + x**2 + 90*x. Let k(i) = 8*i**2 + 23*i - 3. Let o(p) = -11*k(p) + 6*n(p). Give o(4).
19
Suppose 75*l + 211 + 64 = 50*l. Let n(c) = -1. Let z(j) = -3*j - 23. Let a(p) = 3*n(p) + z(p). Calculate a(l).
7
Let a(w) = w**2 + w + 3*w**3 - 12 - 25 + 37. Let h = 4 - 5. Give a(h).
-3
Suppose -15 + 2 = -d + 4*g, -1 = d + 3*g. Let v = 555 - 553. Let p(m) = 2*m + 10*m**2 - 4*m + 2 - m**3 + 7*m**2 + 12*m**2 - 24*m**v. Calculate p(d).
-8
Let s(u) = 7*u**3 + 36584 + 2*u**2 - 73174 + 36589. Let d(a) = -a + 1. Let i be d(2). Let w be (i/(-3))/(3/9). Determine s(w).
8
Let p(y) = -27*y + 185. Suppose 15*w - 319*w = -2128. Give p(w).
-4
Let u(i) = -2 + 4 - 5*i - 2*i - 3*i**2 + 2*i**2. Suppose 2*q + 6 = 5*q. Suppose -3*r = -q*y + 7*y, r + 4*y = 7. What is u(r)?
12
Let i be (-12)/(-6)*-1*-6 + -4. Let k(u) = -u**2 + 9*u + 4. What is k(i)?
12
Let r(u) be the second derivative of u**4/12 - 7*u**3/6 - 25*u**2/2 - 7*u + 98. What is r(-3)?
5
Let w(c) = -c**3 + 5*c**2 - c - 4. Suppose 2*v = -3*z + 3, -2*v + 3*v + 4*z = -6. Let b(y) = -y**2 + 7*y + 17 - y + v*y - y. Let o be b(12). Calculate w(o).
-9
Suppose 0 = -2*v + 2, v - v + 4*v = 2*t. Let f(n) = 10*n**2 + 3. Determine f(t).
43
Let x(i) = i**2 + 36*i + 211. Let r be x(-7). Let v be 8 - -3*(-2)/3. Let d(n) = n - n**2 - r*n - v + 7*n. Calculate d(0).
-6
Let u(p) = 109*p**2 - 308*p**2 + 99*p**2 - 7 + 101*p**2 + 11*p. What is u(4)?
53
Let h be 6/(54/99) + -19. Let r(g) = -g**2 - 7*g - 16. Let w(t) = 2*t**2 + 14*t + 31. Let c(o) = -11*r(o) - 6*w(o). Give c(h).
-18
Let s(n) = -n. Let a(f) = 14*f + 2. Let k(m) = -a(m) - 12*s(m). Suppose 0 = 403*t - 810*t + 424*t + 85. What is k(t)?
8
Let i(q) be the third derivative of 17*q**6/60 + q**5/60 + q**4/12 + q**3/3 - 19*q**2 + 53*q - 2. Determine i(-1).
-33
Let s(c) = 4*c**2 + 4*c - 15. Let q be s(5). Let r(t) = -97 + q - 7*t + 6*t. What is r(11)?
-3
Let v(j) = -427*j + 56. Let s(d) = -1560*d + 224. Let t(r) = -6*s(r) + 22*v(r). Determine t(-3).
-10
Let f(k) be the first derivative of k**2/2 + 7*k + 2. Let m(v) = 3*v**2 + 9*v + 4. Let o be m(-8). Let q = o + -128. Calculate f(q).
3
Let c be -152 + (-3 + 60/21)*-7. Let s = c - -156. Let j(x) = x**2 - 7*x + 6. Calculate j(s).
-4
Let j(l) be the first derivative of l**2/2 - 14*l - 1. Suppose -8*n - 1131 = -1195. What is j(n)?
-6
Let m(x) = -x**3 + 6*x**2 + 6*x - 1. Suppose 5*w = 20, y - 14*w = -17*w + 19. What is m(y)?
-8
Let y(d) = d**2 - 7*d - 15. Suppose 0 = 62*g - 60*g - 3*a - 6, -5*g + 5*a = -10. Give y(g).
-15
Let q(g) be the first derivative of g**4/4 - 8*g**3/3 + 3*g**2 - 2*g + 1133. Calculate q(7).
-9
Suppose 0 = -7*m + 14*m - 14. Let u(f) = 313*f**2 - f**3 + 1 - 157*f**2 - 161*f**m. Give u(-2).
-11
Let u(j) be the second derivative of j**4/12 - 34*j**3/3 + 3*j**2 + 6590*j. What is u(68)?
6
Let c(n) = 2*n**2 + 2*n. Let x(a) = -a**3 + 3*a**2 + 9*a - 9. Let o be x(5). Let b(w) = -7*w - 10*w - 58 + 18*w - 5*w. Let j be b(o). Determine c(j).
4
Let h(l) = 2*l**2 + 2*l - 2. Let n be 0 + -2 - 0/1. Let j be h(n). Let g(z) be the first derivative of z**4/4 - z**3/3 - z**2 - 3376. What is g(j)?
0
Suppose -14 - 26 = -5*z. Suppose 5*u + 24 = 3*k + z*u, 0 = -2*k - 5*u + 28. Let t(g) = -g**3 + 5*g**2 - 4*g - 2. What is t(k)?
-2
Let m(h) = 16*h**3 - 46*h**2 + 6*h + 56. Let u(w) = -3*w**3 + 9*w**2 - w - 11. Suppose 3*l = d - 13, 21 - 3 = d - 4*l. Let n(a) = d*m(a) - 11*u(a). Give n(7).
2
Let h(x) = -x**2 - 12*x + 11. Let s(l) = 2*l**2 + 28*l - 23. Let q(p) = 9*h(p) + 4*s(p). Suppose 0 = 3*g - g - 10. Give q(g).
2
Let v = -633 - -1216. Let f = -576 + v. Let a(b) = -b**3 + 8*b**2 - 6*b + 10. What is a(f)?
17
Let d(w) = -82 + 212 - 34 - 4*w - 65. Give d(11).
-13
Let c(g) = 3*g**2 - 4*g - 9. Let f(n) = 16*n**2 - 18*n - 47. Let p(h) = 11*c(h) - 2*f(h). Calculate p(8).
-5
Let c(m) = 2*m**3 - 11*m**2 - 6*m - 5. Let z(k) = -186*k + 6. Let r be z(0). What is c(r)?
-5
Let q = -6 + 3. Let i(l) be the third derivative of l**5/40 - l**4/8 - 65*l**3/2 - 104*l**2. Let u(k) be the first derivative of i(k). What is u(q)?
-12
Suppose -3*y = 18, 5*n - 2*y - 22 = -5. Let q(s) = -15*s**3 + s - 1. Calculate q(n).
-15
Let k(j) = 5*j**3 - j**2. Let g(h) = -h**3 + 5*h**2 + 5*h + 1. Let c be g(6). Suppose -3*w = 2*b + 17, 37 - 6 = -4*b - 5*w. Let x = b - c. What is k(x)?
4
Let k(p) = -11*p + 11. Let i(w) = -60*w + 28. Let y(g) = -2*i(g) + 10*k(g). Give y(-4).
14
Let i(s) = 40 + 0*s**3 - 2*s + s**3 - 6*s**2 - 41 + 3*s**2. Let o = 1328 + -1325. Determine i(o).
-7
Let f(t) = 11*t**2 - 2*t + 1. Let b be 3627/651 + (-8)/14 - 2. Give f(b).
94
Let r(s) = 38*s - 71. Suppose -2*q + 4*b + 24 = 0, 23*b = q + 24*b + 3. Determine r(q).
5
Let i(z) = 2*z + 7. Let a = 24 + -22. Let m be (2/4)/(a/(-4))*-5. What is i(m)?
17
Let y(a) = 18*a - 14*a - 3*a + 22. Let j(h) = -2*h - 64. Let o(w) = -6*j(w) - 17*y(w). Give o(7).
-25
Let a(h) be the second derivative of -7*h**3/6 + 15*h**2 - 7*h + 108. Determine a(15).
-75
Let j(f) = -4*f + 1. Let y(p) = 2*p. Let x(r) = -2*j(r) - 5*y(r). Suppose -3*s = -d + 17, 0 = -6362*d + 6361*d + 5*s + 31. Give x(d).
6
Let d = 44 + -39. Let c(m) = 5*m**2 + 12*m + d - 5*m**2 - m**2 - 10*m. Let k be (1 + 0 - -2)*35/21. What is c(k)?
-10
Let x(c) = 14*c**2 + 25*c - 21. Let g(y) = -17*y**2 - 27*y + 21. Let u(v) = 4*g(v) + 5*x(v). Calculate u(-10).
9
Suppose -12 = -15*a + 13*a + 2*u, 0 = -3*a + 2*u + 15. Let l(j) = -3*j + 4 - 2*j**2 - 4*j - a + 8*j. What is l(-3)?
-20
Let l = 25 - 30. Let t be l*(-5)/(-2 + -23). Let g(s) = -s**3 + 2*s**2 - s**3 + 2*s - 10*s**3 + 1 + s**3. Give g(t).
12
Let a(k)